on factor of 10017654 and 30?
6
What is the greatest common divisor of 9713926 and 22?
2
What is the greatest common divisor of 360 and 918461520?
360
What is the highest common factor of 27141556 and 1027?
1027
Calculate the highest common factor of 4574832 and 645706.
998
What is the greatest common divisor of 1 and 31887137?
1
Calculate the highest common divisor of 344607 and 2958.
1479
What is the highest common factor of 146 and 5251912?
146
What is the greatest common factor of 78246 and 2618826?
966
What is the greatest common divisor of 860 and 118750864?
172
Calculate the greatest common divisor of 747 and 628731.
9
Calculate the greatest common divisor of 101890168 and 5512.
424
What is the greatest common factor of 1804786724 and 184?
92
Calculate the greatest common factor of 13528 and 240300.
356
What is the greatest common divisor of 186372400 and 400?
400
Calculate the highest common factor of 2154940 and 380.
20
Calculate the greatest common factor of 126178 and 126710142.
5486
Calculate the highest common factor of 317 and 213869756.
317
Calculate the greatest common factor of 42648700 and 40.
20
Calculate the highest common factor of 6975995 and 104.
13
Calculate the greatest common factor of 4087 and 2056371.
61
What is the highest common factor of 12978 and 69838326?
1854
What is the greatest common factor of 10299 and 191485874?
3433
Calculate the greatest common divisor of 298439 and 1018973.
1189
What is the greatest common divisor of 336 and 13581078?
42
What is the highest common divisor of 230 and 10895215?
115
What is the greatest common factor of 498 and 238811667?
249
What is the greatest common divisor of 9600 and 198784?
128
What is the greatest common factor of 7152 and 90599748?
1788
What is the highest common factor of 517 and 35759762?
47
Calculate the greatest common factor of 5034504 and 120.
24
Calculate the greatest common factor of 5726 and 689549.
7
Calculate the highest common factor of 1114980 and 336.
12
Calculate the highest common factor of 5372972 and 1672.
836
Calculate the greatest common factor of 322918485 and 1630.
815
What is the greatest common divisor of 11503510 and 60?
10
Calculate the highest common factor of 4186 and 20573868.
322
What is the highest common divisor of 89859311 and 6316?
1579
Calculate the highest common factor of 2249124075 and 35550.
17775
What is the greatest common factor of 7 and 73275671?
7
Calculate the greatest common factor of 28910 and 2361121.
413
What is the greatest common divisor of 58728241 and 11?
11
What is the greatest common factor of 26766 and 31701353?
1487
Calculate the highest common factor of 509136344 and 4.
4
What is the greatest common divisor of 510726 and 24?
6
Calculate the highest common factor of 243999 and 91661.
1291
Calculate the highest common factor of 56268 and 67716.
108
Calculate the greatest common factor of 259748874 and 1386.
1386
What is the greatest common factor of 21801 and 3773601?
507
What is the greatest common factor of 7772 and 1976902?
134
Calculate the highest common divisor of 2108045 and 90.
5
Calculate the greatest common factor of 319700 and 7775.
25
Calculate the highest common factor of 1694 and 13567730.
242
What is the greatest common divisor of 35865 and 156690?
45
Calculate the greatest common divisor of 50268125 and 1875.
625
What is the highest common divisor of 1625010 and 1650?
30
What is the greatest common factor of 107 and 15991?
1
What is the highest common factor of 195 and 7533669?
39
Calculate the greatest common factor of 6192 and 26991.
9
Calculate the highest common divisor of 121 and 923309.
1
Calculate the greatest common divisor of 119633046 and 498.
498
What is the highest common divisor of 36980 and 10660?
20
Calculate the highest common factor of 23076830 and 35910.
1330
What is the greatest common divisor of 8856 and 33815529?
1107
Calculate the greatest common divisor of 21616 and 723364.
772
What is the greatest common factor of 12804159 and 184033?
2521
Calculate the highest common divisor of 1429897 and 118829.
359
Calculate the highest common factor of 677583 and 95274.
711
What is the highest common divisor of 2848 and 90864016?
1424
What is the greatest common factor of 2568 and 74021316?
1284
Calculate the highest common divisor of 1058 and 4523732.
46
What is the greatest common factor of 334 and 171212909?
167
What is the highest common divisor of 258 and 92324913?
129
What is the greatest common factor of 284708634 and 84?
42
Calculate the greatest common factor of 29417503 and 673.
673
What is the highest common divisor of 23 and 15682458?
23
Calculate the highest common divisor of 549171686 and 3626.
518
Calculate the highest common factor of 12136 and 620009.
37
Calculate the highest common factor of 147545085 and 111.
111
What is the highest common divisor of 1321650 and 162?
54
What is the greatest common divisor of 15566 and 123238?
86
Calculate the greatest common divisor of 4160625 and 2548.
7
Calculate the greatest common divisor of 383405 and 415745.
55
Calculate the greatest common divisor of 1413935 and 633070.
295
Calculate the greatest common factor of 6273355 and 95620.
3415
Calculate the highest common factor of 337928 and 12296.
424
What is the greatest common divisor of 11130958 and 3208?
802
Calculate the highest common divisor of 1552 and 160826.
194
Calculate the highest common divisor of 43464208 and 976.
976
Calculate the greatest common factor of 22309257 and 177.
177
Calculate the highest common factor of 35511 and 19046979.
1869
What is the greatest common divisor of 46483 and 109865?
43
What is the highest common factor of 6765404 and 7792?
1948
Calculate the greatest common factor of 369255 and 590705.
515
Calculate the greatest common factor of 23153 and 457145.
169
What is the highest common factor of 26427352 and 112?
56
What is the greatest common divisor of 490 and 19379990?
490
Calculate the highest common factor of 3314768 and 4464.
496
Calculate the greatest common factor of 286308 and 2288.
44
Calculate the highest common factor of 1780546 and 102.
34
What is the highest common divisor of 688 and 47498096?
16
What is the greatest common divisor of 207 and 181405416?
69
What is the greatest common divisor of 10990 and 2936528?
2198
Calculate the greatest common factor of 2520 and 2189016.
72
What is the greatest common factor of 2277 and 6134491?
253
Calculate the greatest common divisor of 300167 and 685.
137
What is the greatest common factor of 4810658040 and 1080?
1080
What is the greatest common factor of 1318939 and 592?
37
What is the highest common divisor of 419925611 and 3794?
1897
What is the greatest common divisor of 11776884 and 10857?
987
Calculate the greatest common factor of 27343 and 20404529.
739
What is the highest common divisor of 1114110 and 8370?
90
What is the highest common divisor of 5091124 and 36?
4
Calculate the greatest common divisor of 413686211 and 391.
391
Calculate the highest common divisor of 2034 and 192728619.
1017
Calculate the greatest common divisor of 677 and 12390454.
677
What is the greatest common divisor of 198081333 and 591?
591
Calculate the highest common factor of 5152 and 11480864.
736
What is the highest common divisor of 1034 and 60424826?
22
Calculate the highest common divisor of 12996 and 99520119.
3249
What is the greatest common divisor of 104409712 and 6688?
3344
What is the greatest common divisor of 3399 and 152747661?
3399
Calculate the greatest common factor of 1222631 and 165338.
4351
Calculate the highest common factor of 112502 and 5850.
26
What is the greatest common divisor of 189 and 6946338?
21
What is the greatest common divisor of 510340 and 201172?
76
Calculate the greatest common factor of 227009344 and 4248.
472
Calculate the highest common divisor of 348132 and 1061716.
1732
Calculate the greatest common factor of 17 and 489353891.
17
What is the greatest common divisor of 184 and 55847933?
23
What is the greatest common factor of 506 and 11450318?
22
What is the greatest common factor of 231530 and 4817605?
8905
What is the greatest common factor of 11032200 and 30600?
1800
Calculate the highest common factor of 80537691 and 146120.
3653
Calculate the high